me number?
False
Let h(y) be the first derivative of -59*y**2/2 + 8*y + 6. Is h(-5) prime?
False
Let b = -16 + 19. Suppose -m - v = -2*v - 141, -b*v - 707 = -5*m. Is m a prime number?
False
Let i(f) = f**2 + 3*f + 2. Let p be i(-3). Suppose p*q + 11 = -5. Let c = q + 17. Is c prime?
False
Let s = 0 + 3. Suppose 0 = -s*r - 4*k + 113, -2*r + k = 2*r - 138. Let n = r - 12. Is n a prime number?
True
Let o = 80 + -41. Is o prime?
False
Let m = 0 + 2. Suppose -4*s + y + 13 = 0, 2*s - m*y - 5 = s. Is s a composite number?
False
Let o(j) = -j**2 + 9*j - 3. Let c be o(8). Suppose 2*r = c*m + 188, -2*r + 227 = 5*m + 59. Is r prime?
True
Let x(s) = -131*s - 10. Is x(-7) a composite number?
False
Is 2/(-4)*(0 + -1396 - 2) a prime number?
False
Suppose 3*w + 1615 = y + w, w - 6487 = -4*y. Is y composite?
False
Let f be ((-12)/10)/((-4)/10). Suppose 21 = f*i + 6. Suppose 261 = i*u + 5*g + 66, -3*u + 113 = 2*g. Is u a composite number?
True
Let k(s) = 35*s**3 - s**2 + 1. Let p be (-1)/(-3)*24/8. Is k(p) prime?
False
Suppose 4*n + 1043 = m + n, -1043 = -m - 5*n. Is m prime?
False
Let k(z) = -z**2 + 8*z - 3. Let c be k(7). Suppose 3*q + 829 = c*u, q = -q - 6. Is u a composite number?
True
Let q(k) be the first derivative of 43*k - 1/2*k**2 + 2. Is q(0) a composite number?
False
Let g = 12 - 22. Suppose -4*w = -11 + 3. Is w/g + 708/15 a prime number?
True
Suppose -3*a + a + 12 = 0. Suppose 8 = -2*d + 3*d. Let w = a + d. Is w a composite number?
True
Suppose 0*g + 196 = 2*g. Suppose -3*f - 2*f + 15 = 0. Let x = g - f. Is x prime?
False
Let n(q) = 9 + 3 + 3*q + 3*q - 5*q. Let o be n(-8). Suppose 0 = -0*x + 4*x - 3*f - 400, 0 = o*x - 2*f - 396. Is x a composite number?
False
Suppose 0 = 4*f + 992 - 108. Let d = -138 - f. Is d a prime number?
True
Is (0 + (-3 - -4))/(1/2129) composite?
False
Suppose -3*l - 2*p = 7 + 19, 4 = -l + 4*p. Let w(n) = -n**2 - 7*n - 2. Let u be w(l). Is (-368)/u - (-2)/10 a prime number?
True
Let y(l) = -l**2 + 4*l + 3. Let n be y(4). Let p be 25/10*2/1. Suppose u + 0*u = 4*s + 27, -p*s + 30 = n*u. Is u prime?
False
Let r(p) be the first derivative of p**3/3 + 3*p**2/2 - 4*p + 4. Let x be r(-3). Is 19 + (2 - x/(-2)) composite?
False
Suppose -3*h = -2*g - 119, 86 = 2*h - 4*g - 4. Suppose 0 = 2*t - 8, 3*t = -2*x - 7 + h. Is x prime?
False
Let g = 1 + 2. Let w(a) = 9*a**3 - 4*a**2 + 4. Is w(g) prime?
True
Let j = -68 + 114. Is j a prime number?
False
Suppose 8 = -2*k + 2, 2*y = 3*k - 511. Let v = y + 451. Is v a prime number?
True
Let j(l) = -92*l**3 + l**2 - l - 1. Is j(-1) composite?
True
Suppose 5*w + 0 + 2 = -2*d, 3*d = -2*w - 14. Let l(o) = -12*o - 5. Is l(d) a prime number?
True
Let d(t) = -t**2 - 8*t + 7. Let m(z) = z**2 - 8*z + 6. Let g be m(8). Let y(r) = -r. Let a be y(g). Is d(a) a prime number?
True
Let s = 2563 + -1692. Is s composite?
True
Suppose 188 = -5*m + 9*m. Suppose 3*f + f = g - m, -2*f - 151 = -3*g. Is g composite?
True
Let p be (-22)/6 - 2/6. Let s be (9/p)/(6/112). Is s/(-2) - (5 - 3) a composite number?
False
Suppose -3*t = -5 - 1. Suppose 3*i = -t*i + 1285. Is i prime?
True
Let i(u) = u**2 - 28*u + 5. Is i(-20) a composite number?
True
Let n(h) = -h**2 - 10*h - 12. Let c be n(-8). Suppose -5*t + 5 - 50 = -5*b, -26 = -c*b + 2*t. Suppose -b*u = -0*u - 148. Is u composite?
False
Let u(z) = -396*z - 5. Is u(-2) a prime number?
True
Is (-7365)/(-25) + 4/10 composite?
True
Let t be (-3)/(-9) + 28/6. Let r(k) = 2*k**3 - 4*k - 7. Is r(t) a prime number?
True
Let t(o) = 40*o - 1. Let u be t(-2). Is (-9)/(-12) + u/(-4) a composite number?
True
Let s(k) = 5*k**2. Let y be s(-1). Suppose -3*z = 4*u - 51, -3*z + y*z + 5*u = 27. Is z prime?
False
Let m(j) = 419*j**3 + j**2 + 3. Is m(2) composite?
False
Let s(u) = -1 + 17*u - 17*u + u**3 + 4*u**2. Is s(4) composite?
False
Suppose 0 = 3*g - 0*g + 5*j - 51, 2*g + 3*j = 35. Suppose 1 = b - g. Is b composite?
False
Suppose 0 = 5*p - 2*k - 273, 4*k + 14 = -2. Is p prime?
True
Let c be -1*3 - 8/4. Is (c + 6)*(1 - -86) a composite number?
True
Let x(h) = -21*h + 2. Is x(-9) a composite number?
False
Suppose 0 = 2*k - 5 + 1. Suppose 0 = -h + k, 0*c + c = 2*h + 138. Is c a prime number?
False
Suppose 4*b + 1 = 17. Let w(p) = 64*p - 5. Is w(b) a composite number?
False
Suppose -12*q + 8163 = -3*q. Is q prime?
True
Suppose -3*t + 8*t = 0. Suppose -4*f + 1224 = 4*n, -n = -f - t*f + 308. Is f a composite number?
False
Suppose 7956 = 4*p + 2032. Is p prime?
True
Suppose 2*q - 8*q = 564. Is (-2 - (-12)/8)*q prime?
True
Let l(q) = q**3 + 14*q**2 - 3*q + 21. Is l(-11) composite?
True
Suppose 0*k - 5444 = -4*k. Is k composite?
False
Is 11*2/(10/145) composite?
True
Let i(a) = 3 + a**2 + 3*a + 3*a**2 - 7 + a**3 - 5*a. Is i(-3) a composite number?
False
Suppose 102 - 315 = -3*m. Suppose m - 332 = -3*g. Let d = g + -44. Is d a prime number?
True
Suppose u - 4*l - 240 = -3*u, 0 = -4*u - 2*l + 234. Is u composite?
False
Let k be 2/(-6) + 73/3. Suppose 0 = -i + 101 - k. Is i composite?
True
Is (-2707)/(-5) - (-6)/(-15) a composite number?
False
Let l = -507 + 731. Let k be ((l + 1)/3)/1. Suppose -s + k = 4*s. Is s prime?
False
Is 4/(-5)*(-4445)/14 a prime number?
False
Suppose -1396 = -4*v + 2*r, 2*r - 186 - 153 = -v. Is v composite?
False
Let c(r) = r**3 + 10*r**2 + 8*r - 4. Let a be c(-9). Suppose -15 = -0*k - a*k. Is (-1 - 40/(-3))*k composite?
False
Let i = 664 - 450. Let n = i - 401. Let l = n - -266. Is l a composite number?
False
Suppose 5*x + 835 = 5*h, -114 = -4*h - 4*x + 586. Let g = 59 - h. Let t = -61 - g. Is t prime?
False
Suppose 4*g = 4, 5*g - 33 = -3*i - 13. Let d be i/(5/118) - -3. Is (d/(-3))/((-4)/12) prime?
False
Let n = -82 - -140. Is n a composite number?
True
Let z(v) = 9*v - 28. Is z(6) composite?
True
Let w(f) = 1161*f - 2. Is w(1) a prime number?
False
Suppose 4*g + 2*g = 18. Suppose r + r - 86 = g*p, 0 = -p - 4. Is r a composite number?
False
Let g = 15 + -2. Suppose -5*x = 3 - g. Suppose -3*v + x*a + 326 = -v, a = 0. Is v prime?
True
Let z(t) = 2*t + 1. Let i(y) = -2*y - 1. Let m be i(-2). Suppose 5*f + 4*n - 18 = -1, m*f - 4*n = 23. Is z(f) prime?
True
Let z(n) = -n**3 - 5*n**2 - 3*n - 6. Let t be z(-4). Let g = t + 8. Is 1099/14 - 1/g a composite number?
False
Suppose 2*q + 105 = -q. Let x be q/(-14)*(-6)/5. Let n(j) = -2*j**3 - 3*j**2 + j + 2. Is n(x) composite?
True
Suppose 0 = -0*x + 2*x - 8. Is (267/15)/(x/20) a composite number?
False
Suppose -2*k - 14 = -2*i, -2*k - k = -3. Is (-4647)/(-9) - i/6 a prime number?
False
Let p = 1927 + -786. Suppose 0 = -v + 2*v - p. Is v a prime number?
False
Let p be (2 - 0)/(4/86). Suppose 175 = 4*c + p. Is c a prime number?
False
Let w(j) = j**2 - j - 5. Let u be w(-6). Suppose u + 110 = 3*y. Is y composite?
True
Suppose 0*h + 15 = -3*h - 5*r, 5*r + 5 = -2*h. Let w be (-1126)/(-10) + h/(-25). Is -1 + w + (3 - 2) composite?
False
Suppose v = -4*w + 24, w - 4*v + 6 = -5. Suppose -8 = -w*d + 447. Is d a composite number?
True
Suppose -2*g = -5*c + 8, 0 = 5*g - g - c + 16. Let k be 0/2 - 44*2. Is k/2*2/g a composite number?
True
Let m(c) = 43*c + 7. Let v be m(-3). Is (v/2)/((-6)/18) composite?
True
Suppose -s + 1 + 1 = 0. Suppose -2*p - 10 = -y, -21 = -3*y - 0*p - 3*p. Suppose 0 = -3*q - 9, 5*z - s*q + y = 69. Is z prime?
True
Let k(v) = 2*v**3 - 1. Is k(3) a prime number?
True
Let r = 36 + -13. Is r composite?
False
Let j = 35 + -34. Let y(f) = -161*f**2 - 2*f. Let g(t) = 81*t**2 + t. Let x(v) = -5*g(v) - 3*y(v). Is x(j) a composite number?
False
Let n = 24 + -19. Suppose 0 = n*z - 10*z + 775. Is z prime?
False
Let v(z) = -z**3 + 28*z**2 + 3*z - 17. Is v(27) a prime number?
False
Suppose -t - 5*r - 22 = 0, t + 4 = -t - 2*r. Suppose -t*j = -0*j - 18. Is j composite?
True
Suppose -3*f = -5*f + 30. Is f a composite number?
True
Suppose -3*j - j - 4 = 0. Let y be 3/(j - (0 + 0)). Is 76/(-6)*y/2 a prime number?
True
Let m = 67 + -120. Let d = 6 - m. Let n = d - -18. Is n composite?
True
Let o be 3*759*2/9. Let z = -197 + o. Let y = -215 + z. Is y composite?
True
Let q be 1 + (-1)/(2/36). Let k = -64 - q. Let r = -33 - k. Is r prime?
False
Let a(p) = 12*p**2 + 2*p + 1. Let l(n) = -2*n + 6*n - 1 + 3*n + 8*n**2 + n**3. Let s be l(-7). Is a(s) a composite number?
False
Is 1457/3 - (-22)/(-33) a composite number?
True
Suppose o + 0 = m + 2, -